
Calculate the highest common divisor of 40 and 3460.
20
Calculate the greatest common factor of 2204 and 812.
116
Calculate the highest common factor of 36 and 96.
12
What is the greatest common divisor of 45 and 255?
15
Calculate the greatest common divisor of 2054 and 26.
26
Calculate the greatest common factor of 106 and 742.
106
Calculate the greatest common divisor of 21 and 2373.
21
Calculate the highest common divisor of 799 and 85.
17
Calculate the highest common factor of 73 and 1168.
73
Calculate the highest common factor of 1573 and 77.
11
Calculate the greatest common factor of 5584 and 16.
16
What is the highest common divisor of 173 and 1384?
173
What is the greatest common factor of 736 and 92?
92
What is the greatest common divisor of 115 and 5?
5
What is the highest common factor of 48 and 1704?
24
Calculate the highest common divisor of 20944 and 528.
176
What is the greatest common factor of 87 and 12?
3
Calculate the highest common factor of 39 and 11869.
13
Calculate the highest common factor of 16 and 4376.
8
What is the greatest common factor of 48 and 32?
16
What is the greatest common divisor of 1044 and 36?
36
Calculate the highest common divisor of 2 and 97.
1
What is the highest common divisor of 323 and 17?
17
Calculate the greatest common factor of 1001 and 286.
143
What is the greatest common divisor of 18 and 2?
2
Calculate the greatest common factor of 12 and 876.
12
Calculate the highest common divisor of 8 and 32.
8
Calculate the highest common factor of 480 and 90.
30
What is the highest common factor of 175 and 1260?
35
Calculate the highest common factor of 6916 and 52.
52
Calculate the greatest common factor of 48 and 2004.
12
Calculate the greatest common divisor of 7496 and 8.
8
What is the greatest common factor of 73 and 4672?
73
Calculate the greatest common factor of 30 and 600.
30
What is the greatest common factor of 2057 and 11?
11
Calculate the greatest common divisor of 123 and 328.
41
Calculate the highest common divisor of 141 and 2.
1
Calculate the greatest common factor of 7029 and 27.
9
Calculate the greatest common divisor of 361 and 19.
19
What is the greatest common divisor of 107 and 10486?
107
Calculate the highest common divisor of 96 and 2424.
24
Calculate the highest common divisor of 1536 and 18.
6
What is the highest common divisor of 28 and 49?
7
Calculate the greatest common factor of 405 and 648.
81
Calculate the greatest common divisor of 42 and 567.
21
What is the highest common factor of 26 and 598?
26
What is the greatest common factor of 99 and 11?
11
Calculate the greatest common divisor of 2636 and 8.
4
What is the highest common divisor of 1444 and 38?
38
Calculate the highest common factor of 16548 and 14.
14
Calculate the greatest common factor of 2504 and 8.
8
What is the greatest common factor of 24 and 40?
8
Calculate the highest common divisor of 8 and 1.
1
Calculate the highest common factor of 54 and 126.
18
What is the greatest common divisor of 68256 and 237?
237
Calculate the greatest common factor of 17 and 51714.
17
Calculate the highest common divisor of 24 and 156.
12
Calculate the highest common factor of 128 and 32960.
64
Calculate the greatest common factor of 8 and 260.
4
Calculate the highest common factor of 216 and 24.
24
Calculate the greatest common factor of 35 and 1365.
35
What is the highest common divisor of 4198 and 8?
2
Calculate the greatest common divisor of 140 and 120.
20
Calculate the highest common divisor of 59 and 10207.
59
What is the highest common divisor of 30 and 28590?
30
What is the greatest common factor of 1750 and 14?
14
Calculate the highest common factor of 3 and 3.
3
Calculate the greatest common factor of 3270 and 6.
6
Calculate the highest common divisor of 220 and 540.
20
Calculate the highest common factor of 51000 and 102.
102
Calculate the greatest common factor of 598 and 1840.
46
What is the highest common factor of 162 and 1242?
54
Calculate the greatest common factor of 1495 and 78.
13
What is the greatest common factor of 244 and 4?
4
What is the greatest common factor of 54 and 360?
18
Calculate the highest common divisor of 296 and 24.
8
What is the highest common factor of 3587 and 17?
17
What is the greatest common divisor of 1 and 44?
1
What is the greatest common factor of 36 and 8?
4
What is the greatest common divisor of 648 and 360?
72
Calculate the greatest common factor of 4410 and 225.
45
Calculate the highest common factor of 3508 and 4.
4
What is the greatest common divisor of 1772 and 8?
4
What is the greatest common divisor of 288 and 72?
72
Calculate the highest common factor of 184 and 23.
23
What is the greatest common factor of 2530 and 330?
110
What is the highest common divisor of 13 and 10231?
13
Calculate the highest common divisor of 22 and 90.
2
What is the highest common divisor of 3 and 21?
3
Calculate the highest common divisor of 520 and 200.
40
Calculate the greatest common divisor of 21 and 24.
3
What is the highest common divisor of 112 and 2996?
28
Calculate the highest common divisor of 9 and 1401.
3
What is the greatest common divisor of 440 and 80?
40
Calculate the greatest common divisor of 215 and 172.
43
Calculate the highest common divisor of 5719 and 1505.
301
What is the greatest common divisor of 140 and 8155?
35
Calculate the greatest common factor of 3871 and 14.
7
What is the greatest common divisor of 217 and 31?
31
What is the greatest common factor of 26416 and 39?
13
Calculate the highest common divisor of 176 and 22.
22
What is the greatest common factor of 47 and 235?
47
What is the highest common factor of 152 and 216?
8
What is the greatest common divisor of 93 and 2976?
93
What is the highest common factor of 441 and 392?
49
What is the greatest common divisor of 60 and 1020?
60
What is the greatest common divisor of 243 and 216?
27
What is the highest common factor of 267 and 178?
89
Calculate the greatest common factor of 64 and 128.
64
What is the greatest common divisor of 15160 and 40?
40
Calculate the highest common divisor of 271 and 2.
1
What is the greatest common factor of 1151 and 1?
1
What is the greatest common divisor of 18304 and 143?
143
What is the greatest common factor of 938 and 70?
14
What is the highest common factor of 53 and 4240?
53
Calculate the highest common factor of 527 and 1240.
31
Calculate the highest common factor of 174 and 580.
58
Calculate the greatest common divisor of 125 and 10.
5
What is the highest common divisor of 36 and 84?
12
Calculate the highest common factor of 204 and 1326.
102
Calculate the greatest common factor of 592 and 74.
74
Calculate the greatest common factor of 3300 and 4.
4
Calculate the greatest common factor of 2645 and 713.
23
What is the greatest common factor of 39545 and 22?
11
Calculate the greatest common factor of 1464 and 9.
3
What is the highest common factor of 21 and 3?
3
Calculate the highest common divisor of 20 and 39480.
20
What is the greatest common divisor of 10 and 4?
2
Calculate the greatest common divisor of 275 and 350.
25
What is the greatest common factor of 432 and 12744?
216
What is the highest common divisor of 343 and 2646?
49
What is the greatest common divisor of 850 and 102?
34
Calculate the greatest common divisor of 39 and 858.
39
Calculate the greatest common divisor of 2599 and 3277.
113
Calculate the highest common divisor of 157 and 2512.
157
What is the greatest common divisor of 35 and 455?
35
What is the highest common factor of 3 and 903?
3
What is the highest common factor of 1078 and 11?
11
Calculate the highest common divisor of 7 and 17528.
7
Calculate the greatest common divisor of 24 and 136.
8
Calculate the highest common divisor of 45 and 1035.
45
What is the highest common factor of 77 and 33?
11
What is the highest common factor of 208 and 32?
16
What is the highest common factor of 30 and 300?
30
Calculate the highest common divisor of 75 and 1450.
25
Calculate the greatest common divisor of 48 and 3792.
48
Calculate the greatest common divisor of 1 and 3049.
1
Calculate the highest common factor of 54 and 1107.
27
Calculate the highest common divisor of 125 and 100.
25
What is the greatest common divisor of 414 and 534?
6
Calculate t